{"id":391,"date":"2015-01-12T06:25:47","date_gmt":"2015-01-12T11:25:47","guid":{"rendered":"https:\/\/intergentes.com\/contact-2\/"},"modified":"2022-09-27T15:30:08","modified_gmt":"2022-09-27T19:30:08","slug":"contactenos","status":"publish","type":"page","link":"https:\/\/intergentes.com\/es\/contactenos\/","title":{"rendered":"Contacto"},"content":{"rendered":"<div class=\"wpb-content-wrapper\"><div class=\"nolwrap\">[vc_row][vc_column width=\u00bb2\/3&#8243;][vc_column_text css=\u00bb.vc_custom_1664306998526{margin-bottom: 0px !important;}\u00bb]Si tiene preguntas o desea obtener m\u00e1s informaci\u00f3n sobre nuestros procesos de reclutamiento o de publicaci\u00f3n, env\u00edenos un correo electr\u00f3nico a intergentes.law@mcgill.ca o complete el siguiente formulario.[\/vc_column_text][mk_divider style=\u00bbthin_solid\u00bb][mk_contact_form style=\u00bbcorporate\u00bb button_font_color=\u00bb#ffffff\u00bb email=\u00bbintergentes.law@mcgill.ca\u00bb][\/vc_column][vc_column width=\u00bb1\/3&#8243;][mk_advanced_gmaps zoom=\u00bb14&#8243;][vc_gmaps link=\u00bb#E-8_JTNDaWZyYW1lJTIwc3JjJTNEJTIyaHR0cHMlM0ElMkYlMkZ3d3cuZ29vZ2xlLmNvbSUyRm1hcHMlMkZlbWJlZCUzRnBiJTNEJTIxMW0xNCUyMTFtOCUyMTFtMyUyMTFkMjc5Ni4zNTU3Mzk3OTk3JTIxMmQtNzMuNTgwOCUyMTNkNDUuNTAyOTE3MDAwMDAwMDA0JTIxM20yJTIxMWkxMDI0JTIxMmk3NjglMjE0ZjEzLjElMjEzbTMlMjExbTIlMjExczB4NGNjOTFhMzhjOTBhNTE2YiUyNTNBMHgxMzcxZjc0MDEzMjVjMGRkJTIxMnNGYWN1bHR5JTJCb2YlMkJMYXclMjE1ZTAlMjEzbTIlMjExc2VuJTIxMnNjYSUyMTR2MTQyNDgzNzUyNjgxMSUyMiUyMHdpZHRoJTNEJTIyNDAwJTIyJTIwaGVpZ2h0JTNEJTIyMzAwJTIyJTIwZnJhbWVib3JkZXIlM0QlMjIwJTIyJTIwc3R5bGUlM0QlMjJib3JkZXIlM0EwJTIyJTNFJTNDJTJGaWZyYW1lJTNF\u00bb][vc_column_text]\n<h2>Adresse \/ Direcci\u00f3n<\/h2>\n<p>Facult\u00e9 de\u00a0droit, Universit\u00e9 McGill\u00a0\/ Facultad de Derecho, Universidad de McGill<br \/>\nOld Chancellor Day Hall<br \/>\n3644 Rue\u00a0Peel<br \/>\nMontr\u00e9al, Qu\u00e9bec<br \/>\nCANADA\u00a0 H3A 1W9<\/p>\n<p>&nbsp;<\/p>\n<p>&nbsp;<\/p>\n[\/vc_column_text][\/vc_column][\/vc_row]\n<\/div><\/div>","protected":false},"excerpt":{"rendered":"<p>[vc_row][vc_column width=\u00bb2\/3&#8243;][vc_column_text css=\u00bb.vc_custom_1664306998526{margin-bottom: 0px !important;}\u00bb]Si tiene preguntas o desea obtener m\u00e1s informaci\u00f3n sobre nuestros procesos de reclutamiento o de publicaci\u00f3n, env\u00edenos un correo electr\u00f3nico a intergentes.law@mcgill.ca o complete el siguiente formulario.[\/vc_column_text][mk_divider style=\u00bbthin_solid\u00bb][mk_contact_form style=\u00bbcorporate\u00bb button_font_color=\u00bb#ffffff\u00bb email=\u00bbintergentes.law@mcgill.ca\u00bb][\/vc_column][vc_column width=\u00bb1\/3&#8243;][mk_advanced_gmaps zoom=\u00bb14&#8243;][vc_gmaps link=\u00bb#E-8_JTNDaWZyYW1lJTIwc3JjJTNEJTIyaHR0cHMlM0ElMkYlMkZ3d3cuZ29vZ2xlLmNvbSUyRm1hcHMlMkZlbWJlZCUzRnBiJTNEJTIxMW0xNCUyMTFtOCUyMTFtMyUyMTFkMjc5Ni4zNTU3Mzk3OTk3JTIxMmQtNzMuNTgwOCUyMTNkNDUuNTAyOTE3MDAwMDAwMDA0JTIxM20yJTIxMWkxMDI0JTIxMmk3NjglMjE0ZjEzLjElMjEzbTMlMjExbTIlMjExczB4NGNjOTFhMzhjOTBhNTE2YiUyNTNBMHgxMzcxZjc0MDEzMjVjMGRkJTIxMnNGYWN1bHR5JTJCb2YlMkJMYXclMjE1ZTAlMjEzbTIlMjExc2VuJTIxMnNjYSUyMTR2MTQyNDgzNzUyNjgxMSUyMiUyMHdpZHRoJTNEJTIyNDAwJTIyJTIwaGVpZ2h0JTNEJTIyMzAwJTIyJTIwZnJhbWVib3JkZXIlM0QlMjIwJTIyJTIwc3R5bGUlM0QlMjJib3JkZXIlM0EwJTIyJTNFJTNDJTJGaWZyYW1lJTNF\u00bb][vc_column_text] Adresse \/ Direcci\u00f3n Facult\u00e9 de\u00a0droit, Universit\u00e9 McGill\u00a0\/ Facultad de Derecho, Universidad de McGill Old Chancellor Day Hall [&hellip;]<\/p>\n","protected":false},"author":1,"featured_media":0,"parent":0,"menu_order":0,"comment_status":"open","ping_status":"closed","template":"","meta":{"footnotes":""},"class_list":["post-391","page","type-page","status-publish","hentry"],"yoast_head":"<!-- This site is optimized with the Yoast SEO plugin v27.5 - https:\/\/yoast.com\/product\/yoast-seo-wordpress\/ -->\n<title>Contacto - Inter Gentes<\/title>\n<meta name=\"robots\" content=\"index, follow, max-snippet:-1, max-image-preview:large, max-video-preview:-1\" \/>\n<link rel=\"canonical\" href=\"https:\/\/intergentes.com\/es\/contactenos\/\" \/>\n<meta property=\"og:locale\" content=\"es_ES\" \/>\n<meta property=\"og:type\" content=\"article\" \/>\n<meta property=\"og:title\" content=\"Contacto - Inter Gentes\" \/>\n<meta property=\"og:description\" content=\"[vc_row][vc_column width=\u00bb2\/3&#8243;][vc_column_text css=\u00bb.vc_custom_1664306998526{margin-bottom: 0px !important;}\u00bb]Si tiene preguntas o desea obtener m\u00e1s informaci\u00f3n sobre nuestros procesos de reclutamiento o de publicaci\u00f3n, env\u00edenos un correo electr\u00f3nico a intergentes.law@mcgill.ca o complete el siguiente formulario.[\/vc_column_text][mk_divider style=\u00bbthin_solid\u00bb][mk_contact_form style=\u00bbcorporate\u00bb button_font_color=\u00bb#ffffff\u00bb email=\u00bbintergentes.law@mcgill.ca\u00bb][\/vc_column][vc_column width=\u00bb1\/3&#8243;][mk_advanced_gmaps zoom=\u00bb14&#8243;][vc_gmaps link=\u00bb#E-8_JTNDaWZyYW1lJTIwc3JjJTNEJTIyaHR0cHMlM0ElMkYlMkZ3d3cuZ29vZ2xlLmNvbSUyRm1hcHMlMkZlbWJlZCUzRnBiJTNEJTIxMW0xNCUyMTFtOCUyMTFtMyUyMTFkMjc5Ni4zNTU3Mzk3OTk3JTIxMmQtNzMuNTgwOCUyMTNkNDUuNTAyOTE3MDAwMDAwMDA0JTIxM20yJTIxMWkxMDI0JTIxMmk3NjglMjE0ZjEzLjElMjEzbTMlMjExbTIlMjExczB4NGNjOTFhMzhjOTBhNTE2YiUyNTNBMHgxMzcxZjc0MDEzMjVjMGRkJTIxMnNGYWN1bHR5JTJCb2YlMkJMYXclMjE1ZTAlMjEzbTIlMjExc2VuJTIxMnNjYSUyMTR2MTQyNDgzNzUyNjgxMSUyMiUyMHdpZHRoJTNEJTIyNDAwJTIyJTIwaGVpZ2h0JTNEJTIyMzAwJTIyJTIwZnJhbWVib3JkZXIlM0QlMjIwJTIyJTIwc3R5bGUlM0QlMjJib3JkZXIlM0EwJTIyJTNFJTNDJTJGaWZyYW1lJTNF\u00bb][vc_column_text] Adresse \/ Direcci\u00f3n Facult\u00e9 de\u00a0droit, Universit\u00e9 McGill\u00a0\/ Facultad de Derecho, Universidad de McGill Old Chancellor Day Hall [&hellip;]\" \/>\n<meta property=\"og:url\" content=\"https:\/\/intergentes.com\/es\/contactenos\/\" \/>\n<meta property=\"og:site_name\" content=\"Inter Gentes\" \/>\n<meta property=\"article:modified_time\" content=\"2022-09-27T19:30:08+00:00\" \/>\n<meta name=\"twitter:card\" content=\"summary_large_image\" \/>\n<meta name=\"twitter:label1\" content=\"Tiempo de lectura\" \/>\n\t<meta name=\"twitter:data1\" content=\"1 minuto\" \/>\n<script type=\"application\/ld+json\" class=\"yoast-schema-graph\">{\"@context\":\"https:\\\/\\\/schema.org\",\"@graph\":[{\"@type\":\"WebPage\",\"@id\":\"https:\\\/\\\/intergentes.com\\\/es\\\/contactenos\\\/\",\"url\":\"https:\\\/\\\/intergentes.com\\\/es\\\/contactenos\\\/\",\"name\":\"Contacto - Inter Gentes\",\"isPartOf\":{\"@id\":\"https:\\\/\\\/intergentes.com\\\/#website\"},\"datePublished\":\"2015-01-12T11:25:47+00:00\",\"dateModified\":\"2022-09-27T19:30:08+00:00\",\"breadcrumb\":{\"@id\":\"https:\\\/\\\/intergentes.com\\\/es\\\/contactenos\\\/#breadcrumb\"},\"inLanguage\":\"es\",\"potentialAction\":[{\"@type\":\"ReadAction\",\"target\":[\"https:\\\/\\\/intergentes.com\\\/es\\\/contactenos\\\/\"]}]},{\"@type\":\"BreadcrumbList\",\"@id\":\"https:\\\/\\\/intergentes.com\\\/es\\\/contactenos\\\/#breadcrumb\",\"itemListElement\":[{\"@type\":\"ListItem\",\"position\":1,\"name\":\"Home\",\"item\":\"https:\\\/\\\/intergentes.com\\\/es\\\/\"},{\"@type\":\"ListItem\",\"position\":2,\"name\":\"Contacto\"}]},{\"@type\":\"WebSite\",\"@id\":\"https:\\\/\\\/intergentes.com\\\/#website\",\"url\":\"https:\\\/\\\/intergentes.com\\\/\",\"name\":\"Inter Gentes\",\"description\":\"The McGill Journal of International Law &amp; Legal Pluralism\",\"potentialAction\":[{\"@type\":\"SearchAction\",\"target\":{\"@type\":\"EntryPoint\",\"urlTemplate\":\"https:\\\/\\\/intergentes.com\\\/?s={search_term_string}\"},\"query-input\":{\"@type\":\"PropertyValueSpecification\",\"valueRequired\":true,\"valueName\":\"search_term_string\"}}],\"inLanguage\":\"es\"}]}<\/script>\n<!-- \/ Yoast SEO plugin. -->","yoast_head_json":{"title":"Contacto - Inter Gentes","robots":{"index":"index","follow":"follow","max-snippet":"max-snippet:-1","max-image-preview":"max-image-preview:large","max-video-preview":"max-video-preview:-1"},"canonical":"https:\/\/intergentes.com\/es\/contactenos\/","og_locale":"es_ES","og_type":"article","og_title":"Contacto - Inter Gentes","og_description":"[vc_row][vc_column width=\u00bb2\/3&#8243;][vc_column_text css=\u00bb.vc_custom_1664306998526{margin-bottom: 0px !important;}\u00bb]Si tiene preguntas o desea obtener m\u00e1s informaci\u00f3n sobre nuestros procesos de reclutamiento o de publicaci\u00f3n, env\u00edenos un correo electr\u00f3nico a intergentes.law@mcgill.ca o complete el siguiente formulario.[\/vc_column_text][mk_divider style=\u00bbthin_solid\u00bb][mk_contact_form style=\u00bbcorporate\u00bb button_font_color=\u00bb#ffffff\u00bb email=\u00bbintergentes.law@mcgill.ca\u00bb][\/vc_column][vc_column width=\u00bb1\/3&#8243;][mk_advanced_gmaps zoom=\u00bb14&#8243;][vc_gmaps link=\u00bb#E-8_JTNDaWZyYW1lJTIwc3JjJTNEJTIyaHR0cHMlM0ElMkYlMkZ3d3cuZ29vZ2xlLmNvbSUyRm1hcHMlMkZlbWJlZCUzRnBiJTNEJTIxMW0xNCUyMTFtOCUyMTFtMyUyMTFkMjc5Ni4zNTU3Mzk3OTk3JTIxMmQtNzMuNTgwOCUyMTNkNDUuNTAyOTE3MDAwMDAwMDA0JTIxM20yJTIxMWkxMDI0JTIxMmk3NjglMjE0ZjEzLjElMjEzbTMlMjExbTIlMjExczB4NGNjOTFhMzhjOTBhNTE2YiUyNTNBMHgxMzcxZjc0MDEzMjVjMGRkJTIxMnNGYWN1bHR5JTJCb2YlMkJMYXclMjE1ZTAlMjEzbTIlMjExc2VuJTIxMnNjYSUyMTR2MTQyNDgzNzUyNjgxMSUyMiUyMHdpZHRoJTNEJTIyNDAwJTIyJTIwaGVpZ2h0JTNEJTIyMzAwJTIyJTIwZnJhbWVib3JkZXIlM0QlMjIwJTIyJTIwc3R5bGUlM0QlMjJib3JkZXIlM0EwJTIyJTNFJTNDJTJGaWZyYW1lJTNF\u00bb][vc_column_text] Adresse \/ Direcci\u00f3n Facult\u00e9 de\u00a0droit, Universit\u00e9 McGill\u00a0\/ Facultad de Derecho, Universidad de McGill Old Chancellor Day Hall [&hellip;]","og_url":"https:\/\/intergentes.com\/es\/contactenos\/","og_site_name":"Inter Gentes","article_modified_time":"2022-09-27T19:30:08+00:00","twitter_card":"summary_large_image","twitter_misc":{"Tiempo de lectura":"1 minuto"},"schema":{"@context":"https:\/\/schema.org","@graph":[{"@type":"WebPage","@id":"https:\/\/intergentes.com\/es\/contactenos\/","url":"https:\/\/intergentes.com\/es\/contactenos\/","name":"Contacto - Inter Gentes","isPartOf":{"@id":"https:\/\/intergentes.com\/#website"},"datePublished":"2015-01-12T11:25:47+00:00","dateModified":"2022-09-27T19:30:08+00:00","breadcrumb":{"@id":"https:\/\/intergentes.com\/es\/contactenos\/#breadcrumb"},"inLanguage":"es","potentialAction":[{"@type":"ReadAction","target":["https:\/\/intergentes.com\/es\/contactenos\/"]}]},{"@type":"BreadcrumbList","@id":"https:\/\/intergentes.com\/es\/contactenos\/#breadcrumb","itemListElement":[{"@type":"ListItem","position":1,"name":"Home","item":"https:\/\/intergentes.com\/es\/"},{"@type":"ListItem","position":2,"name":"Contacto"}]},{"@type":"WebSite","@id":"https:\/\/intergentes.com\/#website","url":"https:\/\/intergentes.com\/","name":"Inter Gentes","description":"The McGill Journal of International Law &amp; Legal Pluralism","potentialAction":[{"@type":"SearchAction","target":{"@type":"EntryPoint","urlTemplate":"https:\/\/intergentes.com\/?s={search_term_string}"},"query-input":{"@type":"PropertyValueSpecification","valueRequired":true,"valueName":"search_term_string"}}],"inLanguage":"es"}]}},"_links":{"self":[{"href":"https:\/\/intergentes.com\/es\/wp-json\/wp\/v2\/pages\/391","targetHints":{"allow":["GET"]}}],"collection":[{"href":"https:\/\/intergentes.com\/es\/wp-json\/wp\/v2\/pages"}],"about":[{"href":"https:\/\/intergentes.com\/es\/wp-json\/wp\/v2\/types\/page"}],"author":[{"embeddable":true,"href":"https:\/\/intergentes.com\/es\/wp-json\/wp\/v2\/users\/1"}],"replies":[{"embeddable":true,"href":"https:\/\/intergentes.com\/es\/wp-json\/wp\/v2\/comments?post=391"}],"version-history":[{"count":1,"href":"https:\/\/intergentes.com\/es\/wp-json\/wp\/v2\/pages\/391\/revisions"}],"predecessor-version":[{"id":3869,"href":"https:\/\/intergentes.com\/es\/wp-json\/wp\/v2\/pages\/391\/revisions\/3869"}],"wp:attachment":[{"href":"https:\/\/intergentes.com\/es\/wp-json\/wp\/v2\/media?parent=391"}],"curies":[{"name":"wp","href":"https:\/\/api.w.org\/{rel}","templated":true}]}}

<div class="wpb-content-wrapper"><div class="nolwrap">[vc_row][vc_column width=»2/3&#8243;][vc_column_text css=».vc_custom_1664306998526{margin-bottom: 0px !important;}»]Si tiene preguntas o desea obtener más información sobre nuestros procesos de reclutamiento o de publicación, envíenos un correo electrónico a intergentes.law@mcgill.ca o complete el siguiente formulario.[/vc_column_text][mk_divider style=»thin_solid»][mk_contact_form style=»corporate» button_font_color=»#ffffff» email=»intergentes.law@mcgill.ca»][/vc_column][vc_column width=»1/3&#8243;][mk_advanced_gmaps zoom=»14&#8243;][vc_gmaps link=»#E-8_JTNDaWZyYW1lJTIwc3JjJTNEJTIyaHR0cHMlM0ElMkYlMkZ3d3cuZ29vZ2xlLmNvbSUyRm1hcHMlMkZlbWJlZCUzRnBiJTNEJTIxMW0xNCUyMTFtOCUyMTFtMyUyMTFkMjc5Ni4zNTU3Mzk3OTk3JTIxMmQtNzMuNTgwOCUyMTNkNDUuNTAyOTE3MDAwMDAwMDA0JTIxM20yJTIxMWkxMDI0JTIxMmk3NjglMjE0ZjEzLjElMjEzbTMlMjExbTIlMjExczB4NGNjOTFhMzhjOTBhNTE2YiUyNTNBMHgxMzcxZjc0MDEzMjVjMGRkJTIxMnNGYWN1bHR5JTJCb2YlMkJMYXclMjE1ZTAlMjEzbTIlMjExc2VuJTIxMnNjYSUyMTR2MTQyNDgzNzUyNjgxMSUyMiUyMHdpZHRoJTNEJTIyNDAwJTIyJTIwaGVpZ2h0JTNEJTIyMzAwJTIyJTIwZnJhbWVib3JkZXIlM0QlMjIwJTIyJTIwc3R5bGUlM0QlMjJib3JkZXIlM0EwJTIyJTNFJTNDJTJGaWZyYW1lJTNF»][vc_column_text]
<h2>Adresse / Dirección</h2>
<p>Faculté de droit, Université McGill / Facultad de Derecho, Universidad de McGill<br />
Old Chancellor Day Hall<br />
3644 Rue Peel<br />
Montréal, Québec<br />
CANADA  H3A 1W9</p>
<p>&nbsp;</p>
<p>&nbsp;</p>
[/vc_column_text][/vc_column][/vc_row]
</div></div>

<p>[vc_row][vc_column width=»2/3&#8243;][vc_column_text css=».vc_custom_1664306998526{margin-bottom: 0px !important;}»]Si tiene preguntas o desea obtener más información sobre nuestros procesos de reclutamiento o de publicación, envíenos un correo electrónico a intergentes.law@mcgill.ca o complete el siguiente formulario.[/vc_column_text][mk_divider style=»thin_solid»][mk_contact_form style=»corporate» button_font_color=»#ffffff» email=»intergentes.law@mcgill.ca»][/vc_column][vc_column width=»1/3&#8243;][mk_advanced_gmaps zoom=»14&#8243;][vc_gmaps link=»#E-8_JTNDaWZyYW1lJTIwc3JjJTNEJTIyaHR0cHMlM0ElMkYlMkZ3d3cuZ29vZ2xlLmNvbSUyRm1hcHMlMkZlbWJlZCUzRnBiJTNEJTIxMW0xNCUyMTFtOCUyMTFtMyUyMTFkMjc5Ni4zNTU3Mzk3OTk3JTIxMmQtNzMuNTgwOCUyMTNkNDUuNTAyOTE3MDAwMDAwMDA0JTIxM20yJTIxMWkxMDI0JTIxMmk3NjglMjE0ZjEzLjElMjEzbTMlMjExbTIlMjExczB4NGNjOTFhMzhjOTBhNTE2YiUyNTNBMHgxMzcxZjc0MDEzMjVjMGRkJTIxMnNGYWN1bHR5JTJCb2YlMkJMYXclMjE1ZTAlMjEzbTIlMjExc2VuJTIxMnNjYSUyMTR2MTQyNDgzNzUyNjgxMSUyMiUyMHdpZHRoJTNEJTIyNDAwJTIyJTIwaGVpZ2h0JTNEJTIyMzAwJTIyJTIwZnJhbWVib3JkZXIlM0QlMjIwJTIyJTIwc3R5bGUlM0QlMjJib3JkZXIlM0EwJTIyJTNFJTNDJTJGaWZyYW1lJTNF»][vc_column_text] Adresse / Dirección Faculté de droit, Université McGill / Facultad de Derecho, Universidad de McGill Old Chancellor Day Hall [&hellip;]</p>

<!-- This site is optimized with the Yoast SEO plugin v27.5 - https://yoast.com/product/yoast-seo-wordpress/ -->
<title>Contacto - Inter Gentes</title>
<meta name="robots" content="index, follow, max-snippet:-1, max-image-preview:large, max-video-preview:-1" />
<link rel="canonical" href="https://intergentes.com/es/contactenos/" />
<meta property="og:locale" content="es_ES" />
<meta property="og:type" content="article" />
<meta property="og:title" content="Contacto - Inter Gentes" />
<meta property="og:description" content="[vc_row][vc_column width=»2/3&#8243;][vc_column_text css=».vc_custom_1664306998526{margin-bottom: 0px !important;}»]Si tiene preguntas o desea obtener más información sobre nuestros procesos de reclutamiento o de publicación, envíenos un correo electrónico a intergentes.law@mcgill.ca o complete el siguiente formulario.[/vc_column_text][mk_divider style=»thin_solid»][mk_contact_form style=»corporate» button_font_color=»#ffffff» email=»intergentes.law@mcgill.ca»][/vc_column][vc_column width=»1/3&#8243;][mk_advanced_gmaps zoom=»14&#8243;][vc_gmaps link=»#E-8_JTNDaWZyYW1lJTIwc3JjJTNEJTIyaHR0cHMlM0ElMkYlMkZ3d3cuZ29vZ2xlLmNvbSUyRm1hcHMlMkZlbWJlZCUzRnBiJTNEJTIxMW0xNCUyMTFtOCUyMTFtMyUyMTFkMjc5Ni4zNTU3Mzk3OTk3JTIxMmQtNzMuNTgwOCUyMTNkNDUuNTAyOTE3MDAwMDAwMDA0JTIxM20yJTIxMWkxMDI0JTIxMmk3NjglMjE0ZjEzLjElMjEzbTMlMjExbTIlMjExczB4NGNjOTFhMzhjOTBhNTE2YiUyNTNBMHgxMzcxZjc0MDEzMjVjMGRkJTIxMnNGYWN1bHR5JTJCb2YlMkJMYXclMjE1ZTAlMjEzbTIlMjExc2VuJTIxMnNjYSUyMTR2MTQyNDgzNzUyNjgxMSUyMiUyMHdpZHRoJTNEJTIyNDAwJTIyJTIwaGVpZ2h0JTNEJTIyMzAwJTIyJTIwZnJhbWVib3JkZXIlM0QlMjIwJTIyJTIwc3R5bGUlM0QlMjJib3JkZXIlM0EwJTIyJTNFJTNDJTJGaWZyYW1lJTNF»][vc_column_text] Adresse / Dirección Faculté de droit, Université McGill / Facultad de Derecho, Universidad de McGill Old Chancellor Day Hall [&hellip;]" />
<meta property="og:url" content="https://intergentes.com/es/contactenos/" />
<meta property="og:site_name" content="Inter Gentes" />
<meta property="article:modified_time" content="2022-09-27T19:30:08+00:00" />
<meta name="twitter:card" content="summary_large_image" />
<meta name="twitter:label1" content="Tiempo de lectura" />
	<meta name="twitter:data1" content="1 minuto" />
<script type="application/ld+json" class="yoast-schema-graph">{"@context":"https:\/\/schema.org","@graph":[{"@type":"WebPage","@id":"https:\/\/intergentes.com\/es\/contactenos\/","url":"https:\/\/intergentes.com\/es\/contactenos\/","name":"Contacto - Inter Gentes","isPartOf":{"@id":"https:\/\/intergentes.com\/#website"},"datePublished":"2015-01-12T11:25:47+00:00","dateModified":"2022-09-27T19:30:08+00:00","breadcrumb":{"@id":"https:\/\/intergentes.com\/es\/contactenos\/#breadcrumb"},"inLanguage":"es","potentialAction":[{"@type":"ReadAction","target":["https:\/\/intergentes.com\/es\/contactenos\/"]}]},{"@type":"BreadcrumbList","@id":"https:\/\/intergentes.com\/es\/contactenos\/#breadcrumb","itemListElement":[{"@type":"ListItem","position":1,"name":"Home","item":"https:\/\/intergentes.com\/es\/"},{"@type":"ListItem","position":2,"name":"Contacto"}]},{"@type":"WebSite","@id":"https:\/\/intergentes.com\/#website","url":"https:\/\/intergentes.com\/","name":"Inter Gentes","description":"The McGill Journal of International Law &amp; Legal Pluralism","potentialAction":[{"@type":"SearchAction","target":{"@type":"EntryPoint","urlTemplate":"https:\/\/intergentes.com\/?s={search_term_string}"},"query-input":{"@type":"PropertyValueSpecification","valueRequired":true,"valueName":"search_term_string"}}],"inLanguage":"es"}]}</script>
<!-- / Yoast SEO plugin. -->

[vc_row][vc_column width=»2/3&#8243;][vc_column_text css=».vc_custom_1664306998526{margin-bottom: 0px !important;}»]Si tiene preguntas o desea obtener más información sobre nuestros procesos de reclutamiento o de publicación, envíenos un correo electrónico a intergentes.law@mcgill.ca o complete el siguiente formulario.[/vc_column_text][mk_divider style=»thin_solid»][mk_contact_form style=»corporate» button_font_color=»#ffffff» email=»intergentes.law@mcgill.ca»][/vc_column][vc_column width=»1/3&#8243;][mk_advanced_gmaps zoom=»14&#8243;][vc_gmaps link=»#E-8_JTNDaWZyYW1lJTIwc3JjJTNEJTIyaHR0cHMlM0ElMkYlMkZ3d3cuZ29vZ2xlLmNvbSUyRm1hcHMlMkZlbWJlZCUzRnBiJTNEJTIxMW0xNCUyMTFtOCUyMTFtMyUyMTFkMjc5Ni4zNTU3Mzk3OTk3JTIxMmQtNzMuNTgwOCUyMTNkNDUuNTAyOTE3MDAwMDAwMDA0JTIxM20yJTIxMWkxMDI0JTIxMmk3NjglMjE0ZjEzLjElMjEzbTMlMjExbTIlMjExczB4NGNjOTFhMzhjOTBhNTE2YiUyNTNBMHgxMzcxZjc0MDEzMjVjMGRkJTIxMnNGYWN1bHR5JTJCb2YlMkJMYXclMjE1ZTAlMjEzbTIlMjExc2VuJTIxMnNjYSUyMTR2MTQyNDgzNzUyNjgxMSUyMiUyMHdpZHRoJTNEJTIyNDAwJTIyJTIwaGVpZ2h0JTNEJTIyMzAwJTIyJTIwZnJhbWVib3JkZXIlM0QlMjIwJTIyJTIwc3R5bGUlM0QlMjJib3JkZXIlM0EwJTIyJTNFJTNDJTJGaWZyYW1lJTNF»][vc_column_text] Adresse / Dirección Faculté de droit, Université McGill / Facultad de Derecho, Universidad de McGill Old Chancellor Day Hall [&hellip;]
